{"id":139,"date":"2024-03-01T09:58:57","date_gmt":"2024-03-01T08:58:57","guid":{"rendered":"https:\/\/enkendorfmarkt.de\/?page_id=139"},"modified":"2024-07-22T13:08:30","modified_gmt":"2024-07-22T11:08:30","slug":"startseite","status":"publish","type":"page","link":"https:\/\/enkendorfmarkt.de\/","title":{"rendered":"\u00dcber d&#8216; Markt"},"content":{"rendered":"\n<p class=\"has-text-align-center\">oder, wie alles agfange h\u00e4t\u2026<br><br>Irgendw\u00e4nn \u00e4 mol h\u00e4t d Steinebrunner Helmut die Idee ka, im Dorf n\u2018 <br>sch\u00f6ne Markt z\u2018 mache. Es sott \u00f6bbis bsundris si. <br>\u00d6bbis wo\u2019s do neume in dere Art in d\u2018 Gegend nit h\u00e4t.<br><br>Us sellre Idee isch d\u00e4nn tats\u00e4chlich \u00f6bbis handfeschtis gworde. <br>Ganz am Anfang ware s d&#8216; Helmut, sini Tochter Manuela und d&#8216; Kaister Axel. <br>Noch und noch isch n\u2018 Gremium entstande, d\u00e4s sich regelm\u00e4ssig <br>troffe h\u00e4t, um d\u2018 Pl\u00e4n ind Tat umzsetze. Vor ne paar Johre isch d&#8216; Helmi dann in <br>Enkedorfmarkt Rente gange, und h\u00e4t d&#8216; Manu s&#8216; Zepter \u00fcbergeh.<br><br>Am 02. Oktober 2004 h\u00e4t dann d\u2018 erste Enkedorfmarkt Premiere ka.<br>Im untere Teil vom Enkedorf, h\u00e4n ca. 35 Marktbeschicker ihri Ware feil botte.<br>D\u2018 Markt h\u00e4t sich vo d\u2018 Enkedorfstroos 68 bis abe zum Klaraplatz und no n Teil vo d\u2018<br>St. Josefstroos erstreckt. An d&#8216; Josefskapelle h\u00e4t no ne Pferdesegnung stattgfunde.<br><br>Mittlerwiili fangt d&#8216; Markt oberhalb vo d&#8216; Sunne a, und goht bis abe kurz vorm Habike. D&#8216; Azahl vo d&#8216; Marktteilnehmer liegt im Durchschnitt bi ca. 135.<br><br>Brauchtum, Tradition, altis Handwerk und Produkt us d&#8216; Region ware und sin au no h\u00fct d&#8216; Eckpfiiler und Grundgedanke vom Markt.<br>Unterhaltig und verwiile f\u00fcr Jung und Alt.<br><br>An jedem Markt h\u00e4n unsri Bsuecher k\u00f6nne alti Handwerkskunscht beschtaune.<br>Wie zum Beispiel:<br><br><em>Glasbl\u00e4ser, T\u00f6pfer, Schindelmacher, Holzschnitzer, B\u00fcrstenbinder<br>Korbflechter, Hufschmied, Strohschuhmacher, Sattler<br>Zigarrendreher, Ledergerber und vieli meh.<\/em><br><br>Bisher h\u00e4ma an jedem Markt einigi Traktorischte begr\u00fcsse d\u00f6rfe, die ihri gr\u00f6\u00dfteteils sehr ufw\u00e4ndig restaurierte und wundersch\u00f6ni Oldtimer Traktore usgschtellt h\u00e4n.<br><br>Au ne gro\u00dfi Uswahl an Strau\u00dfewirtschafte mit regionale, kulinarische Spezialit\u00e4te findet ma bi eus.<br><br><em>Ochs am Spie\u00df, Wildsaufrikadelle, Kesselfleisch mit Suurchrut, <br>Bierwurschtbr\u00e4t, Fleischk\u00e4s, Gulasch mit Kn\u00f6del, <br>Kaffestube mit selber gmachtem Kueche und so wita<\/em><br><br>\u00c4h\u2026nei, Currywurscht mit Pommes z\u00e4hlt do nit d\u00e4zue!<em><br><br><\/em>Nat\u00fcrlich git\u2019s au \u00f6bbis f\u00fcr ufd Ohre. D\u2018 ganz Tag vom morge bis z\u2018 Nacht wird f\u00fcr musikalischi Unterhaltig gsorgt. Musikkapellene us d ganze Gegend ware scho do.<br>Vo Jagdhornbl\u00e4ser bis Akkordeonorchester, vo mittelalterliche Musikgruppe bis Rockmusik isch f\u00fcr jede \u00f6bbis d\u00e4bi.<br><br>Au d\u2018 Prominenz h\u00e4t scho d\u2018 Weg zum Enkedorfmarkt gfunde.<br>D\u2018 Landrat Dr. Martin Kistler, d\u2018 Waldk\u00f6nigin us Stuttgart, d\u2018 Winzerk\u00f6nigin usm Markgr\u00e4flerland ware au scho eusi G\u00e4scht.<br><br>D\u2018 Stones h\u00e4n au mol w\u00e4lle koh, dene h\u00e4ma aber abgsait, da mir mit d\u2018 Rangers jo selber ne wahnsinns Rockband im Dorf h\u00e4n.<br><br>W\u00e4nn dann d\u2018 Markt umme isch, gohts dann wita mit d&#8216; Obendveranstaltung. Mol h\u00e4t obe bim Brandl \u00e4 Band gschpielt, dann \u00e4 mol bim Agster Andreas ufm Platz und bis abe zum Klaraplatz bi d&#8216; Marianne in d&#8216; Sch\u00fc\u00fcre. Rockmusik, Alleiunterhalter oder Discomusik f\u00fcr jede Gschmack was d\u00e4bi.<br><br>Selbstverst\u00e4ndlich wird bi allene Obendveranstaltunge d\u00e4f\u00fcr gsorgt, dass keiner verhungere oder gar verdurschte mues.<br><br>So isch d\u2018 Markt entstande und h\u00e4t sich im Lauf der Johre entwickelt. Mir w\u00fcrde eus freue, wenn ihr da Johr am 07. September au wieder mit d\u00e4bi sind.<\/p>\n\n\n\n<hr class=\"wp-block-separator has-alpha-channel-opacity is-style-dots\"\/>\n\n\n\n<p class=\"has-text-align-center\">Und do findet ihr d\u00b4 Markt<\/p>\n\n\n\n<iframe src=\"https:\/\/www.google.com\/maps\/embed?pb=!1m18!1m12!1m3!1d2868.886715664944!2d7.901943631512768!3d47.617634541415434!2m3!1f0!2f0!3f0!3m2!1i1024!2i768!4f13.1!3m3!1m2!1s0x47904d4a89e0ae8f%3A0x96038e83748c145d!2sEnkendorfmarkt!5e0!3m2!1sde!2sde!4v1721646394761!5m2!1sde!2sde\" width=\"600\" height=\"450\" style=\"border:0;\" allowfullscreen=\"\" loading=\"lazy\" referrerpolicy=\"no-referrer-when-downgrade\"><\/iframe>\n\n\n\n<hr class=\"wp-block-separator aligncenter has-alpha-channel-opacity is-style-dots\"\/>\n\n\n\n<p class=\"has-text-align-center has-small-font-size\"><a href=\"https:\/\/enkendorfmarkt.de\/?page_id=316\">Impressum<\/a> | <a href=\"https:\/\/enkendorfmarkt.de\/?page_id=3\">Datenschutz<\/a><\/p>\n","protected":false},"excerpt":{"rendered":"<p>oder, wie alles agfange h\u00e4t\u2026 Irgendw\u00e4nn \u00e4 mol h\u00e4t d Steinebrunner Helmut die Idee ka, im Dorf n\u2018 sch\u00f6ne Markt z\u2018 mache. Es sott \u00f6bbis bsundris si. \u00d6bbis wo\u2019s do neume in dere Art in d\u2018 Gegend nit h\u00e4t. Us sellre Idee isch d\u00e4nn tats\u00e4chlich \u00f6bbis handfeschtis gworde. Ganz am Anfang ware s d&#8216; Helmut, sini Tochter Manuela und d&#8216; Kaister Axel. Noch und noch isch n\u2018 Gremium entstande, d\u00e4s sich regelm\u00e4ssig troffe h\u00e4t, um d\u2018 Pl\u00e4n ind Tat umzsetze&#8230;.<\/p>\n<p class=\"read-more\"><a class=\"btn btn-default\" href=\"https:\/\/enkendorfmarkt.de\/\">Weiterlesen<span class=\"screen-reader-text\"> Weiterlesen<\/span><\/a><\/p>\n","protected":false},"author":1,"featured_media":0,"parent":0,"menu_order":0,"comment_status":"closed","ping_status":"closed","template":"","meta":{"pgc_sgb_lightbox_settings":"","footnotes":""},"class_list":["post-139","page","type-page","status-publish","hentry"],"_links":{"self":[{"href":"https:\/\/enkendorfmarkt.de\/index.php?rest_route=\/wp\/v2\/pages\/139","targetHints":{"allow":["GET"]}}],"collection":[{"href":"https:\/\/enkendorfmarkt.de\/index.php?rest_route=\/wp\/v2\/pages"}],"about":[{"href":"https:\/\/enkendorfmarkt.de\/index.php?rest_route=\/wp\/v2\/types\/page"}],"author":[{"embeddable":true,"href":"https:\/\/enkendorfmarkt.de\/index.php?rest_route=\/wp\/v2\/users\/1"}],"replies":[{"embeddable":true,"href":"https:\/\/enkendorfmarkt.de\/index.php?rest_route=%2Fwp%2Fv2%2Fcomments&post=139"}],"version-history":[{"count":55,"href":"https:\/\/enkendorfmarkt.de\/index.php?rest_route=\/wp\/v2\/pages\/139\/revisions"}],"predecessor-version":[{"id":1235,"href":"https:\/\/enkendorfmarkt.de\/index.php?rest_route=\/wp\/v2\/pages\/139\/revisions\/1235"}],"wp:attachment":[{"href":"https:\/\/enkendorfmarkt.de\/index.php?rest_route=%2Fwp%2Fv2%2Fmedia&parent=139"}],"curies":[{"name":"wp","href":"https:\/\/api.w.org\/{rel}","templated":true}]}}